{"id":624,"date":"2025-02-04T14:42:46","date_gmt":"2025-02-04T13:42:46","guid":{"rendered":"http:\/\/derdivan.at\/wordpress\/?page_id=624"},"modified":"2025-02-04T14:42:46","modified_gmt":"2025-02-04T13:42:46","slug":"divan-for-companies","status":"publish","type":"page","link":"http:\/\/derdivan.at\/?page_id=624&lang=de","title":{"rendered":"Divan For Companies"},"content":{"rendered":"<h2>DEUTSCH F\u00dcR FIRMENKUNDINNEN<\/h2>\n<div class=\"box generalbox center clearfix\">\n<div class=\"no-overflow\">\n<p>Ma\u00dfgeschneiderte L\u00f6sungen f\u00fcr ein effektives, themenzentriertes Sprachtraining<\/p>\n<p><b>Sie sind ein Unternehmen und m\u00f6chten Ihren MitarbeiterInnen mit nicht-deutscher Muttersprache ein individuell angepasstes, auf Ihre spezifischen Ziele abgestimmtes Sprachcoaching bieten?<\/b><\/p>\n<p><b>Dann sind sie im DIVAN richtig!<\/b><\/p>\n<p><b>Unser Angebot f\u00fcr FirmenkundInnen beinhaltet:<\/b><b>\u00a0<\/b><\/p>\n<ul>\n<li>durchgehende Erreichbarkeit und kompetente Auskunft\u00a0bei organisatorischen sowie inhaltlichen Fragen<\/li>\n<li>mehrsprachige, hoch qualifizierte TrainerIn mit langj\u00e4hriger einschl\u00e4giger Berufspraxis<\/li>\n<li>selbstverst\u00e4ndlich hohe Kultursensibilit\u00e4t und interkulturelle Kompetenz<\/li>\n<li>Eingangsphase mit umfassender Statuserhebung und detaillierter Bedarfsanalyse<\/li>\n<li>zielorientiertes Festigen und Erweitern des bestehenden sprachlichen Potentials unter Nutzung individueller kommunikativer Ressourcen<\/li>\n<li>situationsbezogenes Kommunikationstraining (KundInnenkontakt schriftlich\/m\u00fcndlich, MitarbeiterInnengespr\u00e4che, Teamsitzungen, Telefonieren, Mailkontakt, Verfassen von Konzepten, &#8230;)<\/li>\n<li>professionell-motivierende, unterst\u00fctzende Begleitung des Lernprozesses<\/li>\n<li>kontinuierliche Qualit\u00e4tssicherung und -steigerung durch transparente Trainingskonzepte und systematisch erfragtes KundInnen-Feedback<\/li>\n<li>zeitlich flexible Termingestaltung; Kursdauer und \u2013frequenz nach Vereinbarung<\/li>\n<li><i>Tedesco per italiani: <\/i><span class=\"_5yl5\" data-reactid=\".11.$mid=11406981483112=2a7fdd95a50c7ac4701.2:0.0.0.0.0\"><span class=\"null\">Training speziell f\u00fcr italienische MuttersprachlerInnen (Trainerin mit abgeschlossenem Italienisch-Dolmetschstudium)<\/span><\/span><\/li>\n<\/ul>\n<p>&nbsp;<\/p>\n<\/div>\n<\/div>\n","protected":false},"excerpt":{"rendered":"<p>DEUTSCH F\u00dcR FIRMENKUNDINNEN Ma\u00dfgeschneiderte L\u00f6sungen f\u00fcr ein effektives, themenzentriertes Sprachtraining Sie sind ein Unternehmen und m\u00f6chten Ihren MitarbeiterInnen mit nicht-deutscher Muttersprache ein individuell angepasstes, auf Ihre spezifischen Ziele abgestimmtes Sprachcoaching bieten? Dann sind sie im DIVAN richtig! Unser Angebot f\u00fcr<\/p>\n","protected":false},"author":1,"featured_media":0,"parent":0,"menu_order":0,"comment_status":"closed","ping_status":"closed","template":"","meta":{"footnotes":""},"class_list":["post-624","page","type-page","status-publish","hentry"],"_links":{"self":[{"href":"http:\/\/derdivan.at\/index.php?rest_route=\/wp\/v2\/pages\/624"}],"collection":[{"href":"http:\/\/derdivan.at\/index.php?rest_route=\/wp\/v2\/pages"}],"about":[{"href":"http:\/\/derdivan.at\/index.php?rest_route=\/wp\/v2\/types\/page"}],"author":[{"embeddable":true,"href":"http:\/\/derdivan.at\/index.php?rest_route=\/wp\/v2\/users\/1"}],"replies":[{"embeddable":true,"href":"http:\/\/derdivan.at\/index.php?rest_route=%2Fwp%2Fv2%2Fcomments&post=624"}],"version-history":[{"count":4,"href":"http:\/\/derdivan.at\/index.php?rest_route=\/wp\/v2\/pages\/624\/revisions"}],"predecessor-version":[{"id":1082,"href":"http:\/\/derdivan.at\/index.php?rest_route=\/wp\/v2\/pages\/624\/revisions\/1082"}],"wp:attachment":[{"href":"http:\/\/derdivan.at\/index.php?rest_route=%2Fwp%2Fv2%2Fmedia&parent=624"}],"curies":[{"name":"wp","href":"https:\/\/api.w.org\/{rel}","templated":true}]}}